 38 + l. What are the prime factors of x?
11
Let r(l) be the second derivative of -l**3/6 - l**2 - 4*l. What are the prime factors of r(-11)?
3
Suppose 0 = -2*c - 3*t + 33, -4*t - 6 = -2*c + 6. Suppose -4*g + 0*g = -c. Suppose 31 = g*a + 4*k, 0 = -2*a + 6*k - 3*k + 15. List the prime factors of a.
3
Let s(k) = -k**2 - 5*k. Let f be s(-5). Suppose f*y + 239 = -2*y + 3*p, -233 = 2*y - p. What are the prime factors of y/(-9) - 4/(-18)?
13
Suppose -4*y + 264 = -4*h - 0*h, 0 = -4*y + 3*h + 267. Suppose -4*c - 1 + y = 0. Let w = 24 - c. What are the prime factors of w?
7
Suppose 4*p - 6*p + 16 = 4*h, 0 = p - 2*h - 12. List the prime factors of p.
2, 5
Let g(v) = 3*v - 1. Let f be g(1). Suppose f + 2 = 2*q. What are the prime factors of q?
2
Suppose 1 + 7 = -4*h. Suppose -14 = -0*v - 2*v. Let q = v - h. List the prime factors of q.
3
Suppose 0 = -5*j + 3*r + 937 + 47, 5*j - 980 = 5*r. List the prime factors of j.
2, 3, 11
Let t(k) be the second derivative of k**4/12 - 2*k**2 + k. Let p be t(-3). Suppose -45 = -p*b - 10. What are the prime factors of b?
7
Let p = 136 + -30. What are the prime factors of p?
2, 53
Suppose 2*k + 2 = 3*k. Suppose 3*g = 5*b + 33, 0 = -k*g + 5*b - 2 + 29. Suppose q - g = -2*q. What are the prime factors of q?
2
Suppose 5*y = 364 + 231. List the prime factors of y.
7, 17
Let y(a) be the first derivative of a**4/4 + 2*a**3 - a**2 + 1. Suppose b + 26 = -4*r, -4*b + 7 - 26 = -r. List the prime factors of y(b).
2, 3
Let w(g) = -8*g**2. Let b be w(-1). Let r(a) = -2*a - 6. List the prime factors of r(b).
2, 5
Suppose 111 = -4*m - 4*o + 1271, -m + 5*o = -272. List the prime factors of m.
7, 41
Let u(g) = g**2 + g + 2. Let t = -1 + 9. Let k = t - 6. List the prime factors of u(k).
2
Let g = 18 + -16. Suppose 0 = k + 3*n + 28, 0*k - k = n + 18. Let w = g - k. List the prime factors of w.
3, 5
Suppose -w = w - 6. What are the prime factors of 0/((-6)/w) + 10?
2, 5
Let z(n) = 2*n**2 - 4. What are the prime factors of z(6)?
2, 17
Let l(o) = -2*o**2 + o + 1. Let g be l(-1). Let t(w) = w**2 - 3*w + 0 + 4*w + 0*w + 1. What are the prime factors of t(g)?
3
Suppose 0 = -3*k - 4*d + 16, 0 = -4*k - 3*d - d + 28. What are the prime factors of k?
2, 3
Let w = 9 + -7. Let b(l) = -4*l - 2 + 17*l - 2*l**w + l**2. List the prime factors of b(12).
2, 5
Let h(m) = m**3 - 5*m**2 - 6*m - 3. Let a be h(6). Let y = a - -3. Suppose -x + y*x + 1 = 2*u, -20 = -2*x + 5*u. List the prime factors of x.
5
Let t(v) = -v**3 + 4*v**2 + 7*v - 3. Let k be t(5). Let c = 2 + k. What are the prime factors of c?
3
Suppose f = 5*k - 7, 5*f + 1 - 26 = -5*k. Let p be f/(-12) + 21/4. Suppose 0 = p*o - o - 48. What are the prime factors of o?
2, 3
Suppose -2*j + 53 = -19. Suppose -2*z - j = -4*z. List the prime factors of (z/(-5))/(3/(-10)).
2, 3
What are the prime factors of ((-3)/(-2))/(5/250)?
3, 5
Let k(n) = -n**2 - 5*n - 1. Let v be k(-3). Suppose v*a - 12 = a. Suppose 0*z + a*z - 18 = 0. List the prime factors of z.
2, 3
Let q = -11 + 9. What are the prime factors of -1*q/(-2) - -5?
2
Let j(r) = 4*r**2 + 4*r + 3. What are the prime factors of j(-2)?
11
Let q(b) be the first derivative of -1 + 1/4*b**4 + b**2 + 0*b - 1/3*b**3. What are the prime factors of q(2)?
2
Let n be -59 - 2/(1 + -3). Let z be n/(-4) + 3/(-6). Suppose z = 2*l - 0*l. What are the prime factors of l?
7
Suppose -36 = -4*h + h. What are the prime factors of h?
2, 3
Let f(d) = -5*d**3 - 5*d**2 - 5*d + 1. Let r be f(-4). What are the prime factors of ((-2)/6)/((-3)/r)?
29
Let b(u) = 45*u**2 - u + 1. Let n be b(1). Let f = n + -31. Suppose 2*p - 4 = f. What are the prime factors of p?
3
Let c = 33 - -9. List the prime factors of c.
2, 3, 7
What are the prime factors of 3*(-4 - -5) + 76?
79
Suppose 144 - 42 = 3*f. What are the prime factors of f?
2, 17
Let k be (-4 + 2)*(-18)/(-4). Let i = k - -21. List the prime factors of i.
2, 3
Let z be 2375/4 + (-1)/(-4). What are the prime factors of (-9)/21 - z/(-14)?
2, 3, 7
Let y(d) = -d + 1. Let c be y(9). Let w be ((-8)/(-10))/(c/(-40)). Suppose w*l - 84 = -4*k, -3*k + 4 = -l + 33. What are the prime factors of l?
23
Suppose 5*t - t + 6 = 2*f, 0 = -2*f + 2*t + 2. What are the prime factors of 25 - (f + 1) - 3?
2, 11
Let f = -3 + -5. Let h be 14/4 - 4/f. Suppose -h*w + 40 = 4*d, w + w + 28 = 4*d. List the prime factors of d.
2
Let b(c) = c**3 - 4*c**2 - 6*c + 7. Let p be b(5). Suppose -18 + 6 = -p*y + 3*j, -2*y - 2*j = -12. What are the prime factors of y?
2, 3
List the prime factors of (98/28)/(1/8).
2, 7
Suppose 2*q + 8 = 28. List the prime factors of q.
2, 5
What are the prime factors of 29/((1 - -3) + -3)?
29
Let q(l) = -l**2 - 14*l + 1. What are the prime factors of q(-13)?
2, 7
Suppose 2*r = -r + 135. List the prime factors of r.
3, 5
Suppose 3*p = -2 - 4, 3*p = 4*q - 134. What are the prime factors of q?
2
Suppose 3*u - 2*u + 5 = y, -u = -2*y + 9. Suppose 3*t = -2*d + 1, 7*d - 2 = 4*d - y*t. What are the prime factors of d?
2
Let q(h) = -h**2 + 6*h + 4. Let p be q(8). Let l = 28 + p. What are the prime factors of l?
2
Suppose -4*q - 25 = -9*q. Suppose 0 = q*h - 67 - 13. Let i = h + -10. List the prime factors of i.
2, 3
Let h(x) = -16*x**3 + x**2 - x - 1. List the prime factors of h(-1).
17
Let m(b) = 2*b + 1. Let c be m(-2). Let i = c - -6. List the prime factors of i.
3
Let v(y) = y**2 + 6*y + 19. List the prime factors of v(-8).
5, 7
Let s(k) = k**2 - k. What are the prime factors of s(-4)?
2, 5
Suppose 3*w + 168 = 2*p, -5*p + 0*w + 420 = -2*w. What are the prime factors of p?
2, 3, 7
Suppose 3*z = 15, -s + 0*s + 23 = 2*z. List the prime factors of s.
13
List the prime factors of (-7)/((-98)/132)*7.
2, 3, 11
Let w(q) = q**3 + 11*q**2 - q + 6. Let i be w(-11). Suppose 3*g + 5 = i. List the prime factors of g.
2
Let b(p) = p**2 + 11*p + 7. List the prime factors of b(-12).
19
Let z(k) = k**2 - 3*k + 6. Let a be z(6). Let j = 48 + -68. List the prime factors of (a/j)/((-2)/10).
2, 3
Suppose 4*q = 2*q. Suppose -3*u = -b, q = 3*b + 2*b - 2*u. Suppose 3*v - g + b*g = 18, -5*v = -g - 32. List the prime factors of v.
7
Let d = -2 + -17. Let b be (-1 - 0) + 3 + d. Let l = b + 30. List the prime factors of l.
13
Suppose -6 + 21 = -3*o. Let q = 10 - o. List the prime factors of q.
3, 5
Let j(v) = 41*v**2 + 5. What are the prime factors of j(2)?
13
Let y = -2 - -8. Let o(r) = -r**2 + 6*r - 2. Let g be o(y). Let q = 0 - g. What are the prime factors of q?
2
Let d be 1 + (0 - 0) + -90. Let m = -41 - d. What are the prime factors of m?
2, 3
Let y(m) = 32*m**2 - 1. Let q be y(-1). Let i = q - 15. What are the prime factors of i?
2
Let i be (4/7)/(2/14). Suppose 51 + 85 = i*n. List the prime factors of n.
2, 17
Suppose -3*d = 2*d - 25. Suppose d*j - 15 = 2*j. List the prime factors of j.
5
Suppose 4*n + 0*n - 56 = 0. List the prime factors of n/6 - 2/(-3).
3
Let z = -16 + 21. Suppose -v = h - 30 - 8, 0 = z*v - 5*h - 170. What are the prime factors of v?
2, 3
Let a(h) = h**2 - 14 - h + h - 9*h. What are the prime factors of a(11)?
2
Suppose 16*y - 36 = 13*y. What are the prime factors of y?
2, 3
Suppose 3*i + 119 = 308. Suppose p = -p + 90. Let r = i - p. List the prime factors of r.
2, 3
Let s be 7/(-3) - 2/3. Let i = -5 - s. List the prime factors of (-5 - -4) + (-24)/i.
11
Suppose -l - c - 2*c = -20, -5*l + 58 = c. Let y = l - 9. Suppose 0 = y*h - 5 - 21. List the prime factors of h.
13
Let c be 4/10 + (-64)/10. Let p(h) = 7 - 2*h - 5*h + 2*h**2 - h**3 - 9*h**2. What are the prime factors of p(c)?
13
Let p(j) be the second derivative of -j**3/3 - 2*j**2 + 7*j. Let k = -2 - 1. What are the prime factors of p(k)?
2
Let x(y) be the first derivative of y**4/4 - y**3 - 3*y**2/2 + y - 1. Let v = -6 + 10. What are the prime factors of x(v)?
5
Suppose 6*n - 7*n + 5 = 0. Suppose 2*v - 7*v + 38 = -4*r, -62 = -n*v - 4*r. What are the prime factors of v?
2, 5
Let k be 2 + 0 + -482 + 3. List the prime factors of k/(-21) + (-2)/(-7).
23
Suppose 3*w - 2*w = 0. What are the prime factors of 12 - (w + (-9)/3)?
3, 5
Let v = 72 - 225. What are the prime factors of ((-12)/9)/(6/v)?
2, 17
Let q = 295 + -159. What are the prime factors of q?
2, 17
Let g be 164/(-1)*(-2)/4. What are the prime factors of 5/30 + g/12?
7
Let h(n) = -7*n - 7. Let i(x) = -2 - 4*x - 4 - 2*x. Let z(a) = -5*h